Let m be n(-5). Let k = a + m. What is the units digit of k?
1
Let b = -13 + 3. Let j(f) = -f**2 - 19*f + 2. Let z(i) = 2*i**2 + 37*i - 5. Let n(x) = -7*j(x) - 4*z(x). What is the units digit of n(b)?
6
Let v = 3376 + -1888. What is the tens digit of v?
8
Let a = -53 - -11. Suppose -g + 2 = 2*c - 3*g, -15 = 3*g. What is the units digit of a*c/(8/2)?
2
Suppose -4*n + 52 = 3*x, -5*x + 5*n = -7 - 33. Let y = x + 7. Suppose 11 - y = -p. What is the units digit of p?
8
Suppose n + 2*c = -9 - 10, 3*n = 2*c - 89. Let a be (-6)/n - (-3012)/54. Suppose -m + a = m. What is the tens digit of m?
2
Let a = -10 - 2. Let d be a/(-2) - 4 - -2. What is the units digit of 3 + -7 + 244/d?
7
Let u(n) = -n - 1. Let b(w) = w**2 - 6*w + 6. Suppose 0 = 4*f - 2*f - 5*y + 13, -2*f + 2*y = 4. Let k(z) = f*b(z) - 6*u(z). What is the units digit of k(0)?
2
What is the units digit of -20 + 3 + 8 + 2764?
5
Let z be (-1 - -1) + 3 + 27 + 1. Suppose 0 = -26*h + z*h - 590. What is the hundreds digit of h?
1
Let m = 192 + -50. Let p = -81 + m. Let j = p + -26. What is the units digit of j?
5
Let i = 17 + -3. Suppose -3*n = -3*d + i + 169, -2*d = 3*n - 112. What is the tens digit of d?
5
Let i = 15 + -5. Let z be (-165)/i*(-2)/3. Suppose 0 = z*g - 6*g - 90. What is the units digit of g?
8
Let q(l) = l**3 - 22*l**2 + 32*l + 66. What is the thousands digit of q(25)?
2
What is the units digit of 5*12/(-15) + 412?
8
Suppose 0 = -13*z - 18226 + 77298. What is the thousands digit of z?
4
Let n = 694 + -227. What is the hundreds digit of n?
4
Let w(f) = 4*f**2 + f - 5. Let o be w(-3). Let c = o + -17. Let k = c + 12. What is the tens digit of k?
2
Let t be 3*(-1 + 24/9). Suppose -35 = -5*s + 2*b + 5, t*s - 3*b = 40. Suppose 3*f - 12 = 0, -5*f + s = -2*j + 72. What is the tens digit of j?
4
Let v(k) = 36*k + 54. Let r(f) = -7*f - 11. Let q(g) = -14*r(g) - 3*v(g). Suppose -19 = x - 3*z, 5*z = 5*x - 14 + 59. What is the units digit of q(x)?
2
Let q = -1546 + 2366. What is the units digit of q?
0
Let k = -1634 + 2332. What is the tens digit of k?
9
Let t(a) = -3*a**3 - 2*a**2 + a + 12. Let v be t(-4). Suppose 4*o + v = 2*r, 0*o - 69 = -r - o. What is the units digit of r?
4
Let v(s) = -2*s + 4. Let y be v(-3). Let f = -13 + y. What is the units digit of (-91)/f + (-18)/(-27)?
1
Let d = 2912 - -1514. What is the tens digit of d?
2
Let g = -1419 - -2360. What is the hundreds digit of g?
9
Suppose -5*a + 14359 = -2*p, 77*a - 75*a - 2*p - 5746 = 0. What is the hundreds digit of a?
8
Let g(s) = 21*s**2 - 66*s - 412. What is the hundreds digit of g(-7)?
0
Suppose 22 = 4*f + 2. Suppose -2*v + 37 = c, f*v - 130 + 36 = -4*c. What is the units digit of v?
8
Suppose -9*y = 1815 - 16206. What is the tens digit of y?
9
Suppose 14*o = 27*o - 17082. What is the hundreds digit of o?
3
What is the tens digit of 39 + 99 + (0 - -5)?
4
Let r(q) = -10*q**3 + 4*q**2 - 7*q + 17. What is the tens digit of r(-6)?
6
Let q(r) be the second derivative of 13*r**3/6 - 17*r**2/2 + 17*r. What is the units digit of q(4)?
5
Suppose -20*h - 15*h = -78575. What is the thousands digit of h?
2
Let b(y) = 123*y**2 - 14*y - 9. What is the units digit of b(-3)?
0
Suppose 3*w - 5*w = 2*m - 3042, -m - 5*w + 1525 = 0. What is the hundreds digit of m?
5
Suppose -5*g + 10*s - 6*s + 23370 = 0, 4663 = g - 3*s. What is the units digit of g?
8
Suppose 0 = 2*o - u - 3, 0 = -2*o - o + 3*u - 3. Let w(b) = 5 + 6*b + b + b + b. What is the units digit of w(o)?
1
Let a(b) = 4*b**2 + 4*b. Let l(m) = 9*m**2 + 9*m. Let g(h) = 7*a(h) - 3*l(h). What is the tens digit of g(-7)?
4
Suppose -504 = 4*i - 8*i. What is the units digit of (-48)/(-14)*i/6?
2
Let v = -21 + 35. What is the units digit of v/28*(0 + 544)?
2
Suppose 8*s = 3*s + 5. Let d = 1 + 5. Let t = d - s. What is the units digit of t?
5
Let j(y) = y + 1. Let a(r) = -9*r - 77. Let g(q) = -a(q) - 6*j(q). What is the hundreds digit of g(24)?
1
Let v(g) = 13*g + 2. Let h be v(2). Suppose 30*z - h*z = 146. What is the units digit of z?
3
Suppose 0 = -2*k + 3*l + 445, 0 = -0*k - 4*k - 5*l + 923. Suppose 6*q - q + k = 3*p, -q - 415 = -5*p. What is the units digit of p?
4
Suppose 0 = -9*k - 1083 + 75. Let d = k - -118. What is the units digit of d?
6
Let o(w) = w**3 + 16*w**2 + 2*w + 16. What is the tens digit of o(-13)?
9
Suppose 9*p - 6*p = 603. What is the units digit of p?
1
Let u(o) = -o - 6. Let m be u(-7). Let v be 0 + (m - (-3 + 0)). Suppose 0*z = -v*z + 180. What is the tens digit of z?
4
Let t(v) be the second derivative of 3*v**5/20 - v**4/6 - v**3/3 - v**2 + 8*v + 1. Suppose 15 = -5*b, 4*w + b - 6 = -b. What is the units digit of t(w)?
5
Suppose -g = -t + 3*t + 106, -53 = t + g. Let q = t + 153. What is the tens digit of q?
0
Suppose 0 = -5*x - 2*z + 16191, 0*x + 16185 = 5*x + 5*z. What is the thousands digit of x?
3
Suppose -4*k + 3*r + 17805 = 0, 4*k - 10257 = -2*r + 7533. What is the tens digit of k?
4
Suppose r - 6804 = -3*t, -10*t - 4*r - 2255 = -11*t. What is the units digit of t?
7
Suppose 4*s + 0 = -m + 2, 4 = -4*s + 2*m. Suppose c = -s*c. Suppose c = -2*l - l + 3*i + 30, -10 = -2*i. What is the tens digit of l?
1
Let v(n) = -25*n - 4. What is the tens digit of v(-11)?
7
Let g(u) = -2*u**2 - 7*u - 6. Let h be g(-4). Let f = h - -6. Let a(m) = -m**3 - 3*m**2 - 6*m - 1. What is the tens digit of a(f)?
3
Suppose 5*h = 6 + 4. Suppose 0 = h*c - 8 - 54. What is the tens digit of c?
3
Suppose -3*j + 234 - 66 = 0. Let n = j - -74. What is the units digit of n?
0
Let t = -2398 + 3466. What is the thousands digit of t?
1
Let p(y) = -y**3 + 36. Let d be p(0). Suppose 26 - 17 = 3*m. Suppose 0 = l + 1, 2*o + o - m*l = d. What is the tens digit of o?
1
What is the hundreds digit of 3080/2 + 7/7*-4?
5
Suppose 493 = -4*y + 1821. Let u = y + -223. What is the units digit of u?
9
Let g = -341 + 559. What is the units digit of g?
8
Let d be ((-20)/(-8))/5 - 24364/8. What is the tens digit of (-6)/(-8) + d/(-116)?
2
Let q = 12 - 19. Let s be 1 - (-20)/(-3 - q). What is the units digit of (-4)/s - (-444)/18?
4
Suppose 2*q = 2*y + 228, -4*y + 2*q - 104 = 342. Let p = y - -156. What is the units digit of p?
7
Let b = -10 - -186. What is the units digit of b?
6
Let n = 4 + 3. Let b(x) = x**3 - 10*x**2 - 12*x + 16. Let l be b(11). Suppose -l*d = -i - 52, -n*d + 4*i + 43 = -2*d. What is the units digit of d?
1
Suppose 4*v - 35 = 3*r, 3*r = -3*v + 2*r + 10. Let f be (-12)/(((-15)/(-2))/v). Let c = -3 - f. What is the units digit of c?
5
Let w = 1696 + -91. What is the hundreds digit of w?
6
Suppose m + 55 = 6*m. Let c(r) = 3*r**2 + 3*r + m*r - 10 - 4*r**2. What is the tens digit of c(9)?
3
Suppose 3*j - 4689 = 2*z, 5*j + 9*z - 12*z = 7815. What is the hundreds digit of j?
5
Let d(m) = m**2 + 11*m - 14. Let i = -40 + 28. Let u be d(i). What is the units digit of -1*u/(-2)*-39?
9
Suppose 61*r + 3*n - 4527 = 56*r, 4*n = 3*r - 2693. What is the units digit of r?
3
Let v be 18/(-15)*(-2)/((-12)/(-285)). Suppose 7*d = -4*u + 3*d - 152, 0 = -3*u - 5*d - 122. Let o = v + u. What is the tens digit of o?
2
What is the units digit of 70/84*(-2 - -2636)?
5
Suppose -303534 = -8*l - 65*l. What is the tens digit of l?
5
Suppose -3*q - 47 = -3*d - 2*q, 3*q = -2*d + 24. Suppose 2*m - 27 = m. Let f = m - d. What is the tens digit of f?
1
Suppose 16*g = 24*g. Suppose -4*m + 5*m - 148 = g. What is the tens digit of m?
4
Let q = 12601 + -8841. What is the units digit of q?
0
Let y(m) = m**3 - m**2 - m + 1. Let v(d) = -31*d**3 + 3*d**3 + 1 - 26*d + 1 + 23*d - 2*d**2. Let k(g) = -v(g) + 2*y(g). What is the units digit of k(1)?
1
Suppose 0 = 5*l + p - 649, -4*l + p = 5*p - 516. Suppose -3*k = 2*k + l. Let m = k - -62. What is the units digit of m?
6
Suppose 3873 = 3*y + 3*h, -15*h + 13*h = 4*y - 5162. What is the hundreds digit of y?
2
Let h(d) = 3*d**2 - 7*d - 3. Let i(t) = 2*t**2 - 6*t - 2. Let s(g) = 4*h(g) - 5*i(g). Let r be s(-4). Let a = r + -15. What is the units digit of a?
7
Let r(a) = -6*a + 26. Let q be r(7). Let b(k) = -k**3 - 16*k**2 - 9*k - 10. What is the hundreds digit of b(q)?
1
Suppose 0 = -10*w + 60578 + 572. What is the hundreds digit of w?
1
Let y(k) = -k**3 + 5*k**2 + 2*k - 5. Let r = 19 - 14. Let q be y(r). Let l(d) = 8*d. What is the units digit of l(q)?
0
Suppose -2*a - 7*a + 306 = 0. Suppose 0 = -j +